What is the units digit of 2535?
5
What is the units digit of 16251?
1
What is the tens digit of 248?
4
What is the thousands digit of 1927?
1
What is the units digit of 5774?
4
What is the tens digit of 112117?
1
What is the tens digit of 22319?
1
What is the hundreds digit of 3499?
4
What is the tens digit of 2574?
7
What is the tens digit of 24796?
9
What is the units digit of 83731?
1
What is the hundreds digit of 2349?
3
What is the tens digit of 1783?
8
What is the ten thousands digit of 116062?
1
What is the units digit of 729?
9
What is the units digit of 6042?
2
What is the thousands digit of 33952?
3
What is the units digit of 84?
4
What is the hundreds digit of 136?
1
What is the hundreds digit of 1678?
6
What is the thousands digit of 1488?
1
What is the tens digit of 20886?
8
What is the units digit of 1002?
2
What is the tens digit of 29051?
5
What is the tens digit of 31251?
5
What is the units digit of 508?
8
What is the tens digit of 1410?
1
What is the tens digit of 9876?
7
What is the ten thousands digit of 39925?
3
What is the units digit of 1299?
9
What is the units digit of 4387?
7
What is the hundreds digit of 2649?
6
What is the thousands digit of 3656?
3
What is the ten thousands digit of 10453?
1
What is the thousands digit of 1746?
1
What is the ten thousands digit of 130468?
3
What is the thousands digit of 8102?
8
What is the units digit of 13225?
5
What is the units digit of 37848?
8
What is the units digit of 12227?
7
What is the thousands digit of 164209?
4
What is the units digit of 1971?
1
What is the tens digit of 27474?
7
What is the units digit of 1140?
0
What is the thousands digit of 2666?
2
What is the tens digit of 576?
7
What is the tens digit of 4495?
9
What is the tens digit of 1654?
5
What is the hundreds digit of 19429?
4
What is the tens digit of 886?
8
What is the units digit of 11664?
4
What is the units digit of 123265?
5
What is the tens digit of 1450?
5
What is the tens digit of 6027?
2
What is the tens digit of 10217?
1
What is the units digit of 2081?
1
What is the tens digit of 294?
9
What is the hundreds digit of 1346?
3
What is the thousands digit of 15554?
5
What is the thousands digit of 7468?
7
What is the tens digit of 10697?
9
What is the ten thousands digit of 18013?
1
What is the thousands digit of 79324?
9
What is the ten thousands digit of 23025?
2
What is the hundreds digit of 384?
3
What is the tens digit of 89?
8
What is the units digit of 833?
3
What is the tens digit of 8602?
0
What is the hundreds digit of 16786?
7
What is the units digit of 1298?
8
What is the tens digit of 1460?
6
What is the thousands digit of 33708?
3
What is the units digit of 80162?
2
What is the hundred thousands digit of 126122?
1
What is the hundreds digit of 2312?
3
What is the thousands digit of 4899?
4
What is the units digit of 1346?
6
What is the hundreds digit of 65240?
2
What is the thousands digit of 2145?
2
What is the tens digit of 17908?
0
What is the thousands digit of 5580?
5
What is the units digit of 6513?
3
What is the hundreds digit of 2398?
3
What is the tens digit of 5614?
1
What is the tens digit of 1190?
9
What is the hundreds digit of 5399?
3
What is the units digit of 861?
1
What is the thousands digit of 8698?
8
What is the hundred thousands digit of 129082?
1
What is the thousands digit of 16354?
6
What is the ten thousands digit of 24553?
2
What is the tens digit of 1592?
9
What is the thousands digit of 10537?
0
What is the units digit of 4896?
6
What is the thousands digit of 15778?
5
What is the units digit of 484?
4
What is the hundreds digit of 163003?
0
What is the units digit of 26943?
3
What is the hundreds digit of 67892?
8
What is the thousands digit of 13736?
3
What is the units digit of 24248?
8
What is the hundreds digit of 13943?
9
What is the units digit of 4813?
3
What is the hundred thousands digit of 127230?
1
What is the thousands digit of 1568?
1
What is the units digit of 21723?
3
What is the hundreds digit of 9350?
3
What is the thousands digit of 16920?
6
What is the units digit of 37114?
4
What is the hundreds digit of 7854?
8
What is the thousands digit of 2604?
2
What is the hundreds digit of 30975?
9
What is the hundreds digit of 13582?
5
What is the ten thousands digit of 48601?
4
What is the tens digit of 1135?
3
What is the thousands digit of 2521?
2
What is the tens digit of 4330?
3
What is the hundreds digit of 46780?
7
What is the units digit of 453?
3
What is the hundreds digit of 4819?
8
What is the hundreds digit of 1157?
1
What is the units digit of 362?
2
What is the tens digit of 175312?
1
What is the tens digit of 922?
2
What is the hundreds digit of 2134?
1
What is the units digit of 572?
2
What is the tens digit of 11592?
9
What is the units digit of 8021?
1
What is the hundreds digit of 32194?
1
What is the units digit of 829?
9
What is the thousands digit of 7563?
7
What is the units digit of 756?
6
What is the units digit of 3964?
4
What is the units digit of 7619?
9
What is the ten thousands digit of 29354?
2
What is the units digit of 1592?
2
What is the hundreds digit of 10246?
2
What is the thousands digit of 4898?
4
What is the hundreds digit of 42200?
2
What is the tens digit of 24265?
6
What is the thousands digit of 1294?
1
What is the thousands digit of 37161?
7
What is the thousands digit of 34221?
4
What is the tens digit of 1340?
4
What is the units digit of 1322?
2
What is the hundreds digit of 2067?
0
What is the thousands digit of 2390?
2
What is the tens digit of 4417?
1
What is the units digit of 1591?
1
What is the units digit of 92952?
2
What is the tens digit of 77698?
9
What is the hundreds digit of 1505?
5
What is the units digit of 338?
8
What is the ten thousands digit of 27864?
2
What is the tens digit of 5893?
9
What is the thousands digit of 4884?
4
What is the tens digit of 112936?
3
What is the hundreds digit of 3162?
1
What is the thousands digit of 20273?
0
What is the ten thousands digit of 61624?
6
What is the hundreds digit of 495?
4
What is the ten thousands digit of 21077?
2
What is the hundreds digit of 1559?
5
What is the thousands digit of 2707?
2
What is the hundreds digit of 25344?
3
What is the units digit of 49327?
7
What is the units digit of 90?
0
What is the tens digit of 2529?
2
What is the hundreds digit of 3844?
8
What is the tens digit of 587?
8
What is the units digit of 9392?
2
What is the tens digit of 942?
4
What is the units digit of 37?
7
What is the tens digit of 1267?
6
What is the units digit of 61517?
7
What is the tens digit of 11175?
7
What is the tens digit of 2876?
7
What is the hundreds digit of 2169?
1
What is the hundreds digit of 1255?
2
What is the units digit of 7908?
8
What is the tens digit of 7610?
1
What is the hundreds digit of 12263?
2
What is the units digit of 600?
0
What is the hundreds digit of 1032?
0
What is the tens digit of 140?
4
What is the tens digit of 34363?
6
What is the ten thousands digit of 116637?
1
What is the ten thousands digit of 18242?
1
What is the tens digit of 920?
2
What is the thousands digit of 4499?
4
What is the hundreds digit of 26044?
0
What is the tens digit of 500?
0
What is the tens digit of 249?
4
What is the units digit of 11230?
0
What is the hundreds digit of 394?
3
What is the units digit of 17633?
3
What is the thousands digit of 24518?
4
What is the hundreds digit of 57590?
5
What is the units digit of 112559?
9
What is the thousands digit of 62227?
2
What is the ten thousands digit of 123983?
2
What is the tens digit of 1294?
9
What is the tens digit of 3609?
0
What is the tens digit of 83324?
2
What is the units digit of 6656?
6
What is the hundreds digit of 1434?
4
What is the hundreds digit of 56251?
2
What is the hundreds digit of 33968?
9
What is the thousands digit of 5204?
5
What is the units digit of 20962?
2
What is the tens digit of 11821?
2
What is the units digit of 426?
6
What is the units digit of 20333?
3
What is the thousands digit of 63057?
3
What is the units digit of 101194?
4
What is the thousands digit of 12857?
2
What is the units digit of 157?
7
What is the units digit of 3857?
7
What is the tens digit of 772?
7
What is the ten thousands digit of 22112?
2
What is the thousands digit